 41 is divided by d?
13
Let v(s) = -1 + 2*s**2 + 4*s**2 - 5*s**2 + 3*s. Suppose 48 + 22 = 5*z. What is the remainder when v(4) is divided by z?
13
Let u(z) = -z**2 + 6*z + 10. Let r be u(7). Suppose 0 = 4*g - r*i - 5, -5*g + 4*g = i - 10. Calculate the remainder when 12 is divided by g.
2
Let f = -10 - -11. Let o = 8 + f. What is the remainder when 24 is divided by o?
6
Let w(l) = -5*l - 5. Let x = 1 + -6. What is the remainder when w(x) is divided by 12?
8
Let a = -13 + 34. Suppose -3*j = -a - 9. What is the remainder when 49 is divided by j?
9
Suppose o - 30 + 7 = 0. Let f = o - 14. What is the remainder when f is divided by 11/2 + 3/(-6)?
4
Let b(n) = -7*n + 5. Let a be b(-4). Suppose 0 = 4*m - m - a. Let k(z) = 19*z**2 + 2*z - 1. What is the remainder when k(1) is divided by m?
9
Let k = -53 + 120. Calculate the remainder when k is divided by 134/6 - ((-8)/(-6) + -2).
21
Let r(q) = 2*q**2 + 5*q + 1. Let v be -1*(2 + -3) - 6. Let d = 35 + -21. Calculate the remainder when r(v) is divided by d.
12
Suppose 0 = -3*w + 2*w + 3. Suppose -3*t + 2*v + 13 = -12, 5*v = 20. Calculate the remainder when t is divided by w.
2
Let m(f) = f**2 + f - 1. What is the remainder when m(5) is divided by 8?
5
Suppose 3*n = -0*n + 63. Let p = 35 - n. Calculate the remainder when p is divided by (-2)/(-4) + (-30)/(-4).
6
Let x(b) = b - 4. Let f be x(6). Suppose -5*r - 2*m + 20 = 0, -3*m = 10 + 5. Suppose -h - r = -f*h. Calculate the remainder when 10 is divided by h.
4
Let x = 0 + 27. Calculate the remainder when x is divided by 10.
7
Suppose -2*p - p - 5*a = -104, -4*p = 4*a - 152. Suppose b = 16 + 33. Let u = b + -34. Calculate the remainder when p is divided by u.
13
Let d(j) = 3*j - 1. Let l(x) = 2*x**2 + 5*x + 2. Let n be l(-3). Let o be d(n). Let t = 25 + o. What is the remainder when t is divided by 20?
19
Suppose -5*t + 243 = -2*x, t + 3*x - 27 = -2*x. Calculate the remainder when t is divided by 12.
11
Suppose 3*p = 3*a - 9, p - 2*a - 1 = -5*a. Calculate the remainder when 21 - (-3)/((-3)/p) is divided by ((-16)/(-10))/(1/5).
7
Let f = -11 - -6. Let u = f + 10. Suppose 0 = u*q + 31 - 96. Calculate the remainder when 25 is divided by q.
12
Suppose 3*l - 25 - 98 = 0. What is the remainder when l is divided by 15?
11
Calculate the remainder when (-24)/(-9)*(-138)/(-8) is divided by ((-32)/6)/(1/(-3)).
14
Let g(d) = 2*d**2 - 3*d + 1. Suppose 3*k + 7 = -5. Let b be (-6)/k*(-4)/(-3). What is the remainder when 5 is divided by g(b)?
2
Let m = 87 + -8. What is the remainder when m is divided by 20?
19
Let s(w) = w**2 - 3*w - 2. What is the remainder when s(-8) is divided by 10?
6
Let t = 11 - 20. Let d = t - -19. Let g = 94 - 66. Calculate the remainder when g is divided by d.
8
Suppose 0 = -2*l + a + 7, 3*l + 3*a - 2*a - 18 = 0. Suppose -21 = 2*q - l*q. What is the remainder when 11 is divided by q?
4
Let i(c) = -c**3 + 7*c**2 + c - 3. Calculate the remainder when 5 is divided by i(7).
1
Suppose -2*f + 4 + 18 = 0. Calculate the remainder when f is divided by (11 + 1)*2/4.
5
Let u = 5 - 3. Calculate the remainder when u is divided by 1 + 4 + (-1 - (1 - -1)).
0
Let q(f) = 6 + 11 - 2 + 7 + f - f**3. Suppose 4*c = c. Calculate the remainder when q(c) is divided by 8.
6
Suppose -n - 9 = 2*n. What is the remainder when (-1449)/(-14)*(-2)/n is divided by 14?
13
Suppose 8*x - 6*x + 24 = 0. Let f = -5 - x. What is the remainder when 13 is divided by f?
6
Suppose -4*p = -l + 4, 4*l - 16 = -2*p - 0*p. Let b(x) = 3*x - 10. Calculate the remainder when b(6) is divided by l.
0
Suppose -y + 5*z + 47 = -0*y, -2*y + z + 49 = 0. Calculate the remainder when 86 is divided by y.
20
Let r(z) be the first derivative of -3*z**2/2 - 4*z + 1. Suppose -3*f - 4*n + 34 = -0*f, -2*f - n + 26 = 0. Calculate the remainder when f is divided by r(-3).
4
Let n(h) = 19*h**2 + 2*h + 1. Calculate the remainder when n(-1) is divided by 7.
4
Let s be (-3)/(-4) - (-11)/(-4). Suppose -5*o + 8 = -o. Calculate the remainder when s/5 - 108/(-20) is divided by o.
1
Let y = -47 + 54. Calculate the remainder when 27 is divided by y.
6
Suppose 12*c - 8*c = 116. Calculate the remainder when 141 is divided by c.
25
Let u = 42 + -9. Suppose -2*k = -2*s + k - 7, -5*k = 2*s - u. Suppose 5*c + 3*g = 266, -s*g = -5*c - 31 + 318. What is the remainder when c is divided by 19?
17
Let f = -27 + 44. Let u(i) = i - 9. Let q be u(10). Calculate the remainder when -1*147/(-3)*q is divided by f.
15
Let h = -107 + 111. Calculate the remainder when (12/14)/(2/14) is divided by h.
2
Let t = 462 - 172. Suppose -5*i = -2*w - t, 0*i - i = 4*w - 58. Calculate the remainder when i is divided by 20.
18
Let y = 0 + 2. Suppose y*q = -5*v + 3*v + 36, -q = -3*v - 14. Calculate the remainder when q is divided by 9.
8
Suppose -2*p + 4*b + 156 = -0*p, -446 = -5*p - 4*b. Let o = 55 - 26. Calculate the remainder when p is divided by o.
28
Suppose -2*q - 2*q = -244. Suppose -104*k = -94*k - 310. What is the remainder when q is divided by k?
30
Let c(i) = 2*i**3 + 3*i**2 - 3*i + 2. Calculate the remainder when c(3) is divided by 38.
36
Suppose 0 = 4*j - 20 - 12. Calculate the remainder when 45 is divided by j.
5
Suppose 2*u + 4*l = -2*u - 272, -376 = 5*u - 4*l. Let v = u - -112. What is the remainder when v is divided by (-28)/(-6)*3/1?
12
Let c(d) = d**3 + d + 26. Let l(k) = k**3 + 9*k**2 - 7*k + 39. What is the remainder when c(0) is divided by l(-10)?
8
Let a(b) = -b**3 + 7*b**2 - 4*b + 3. Let p(v) = v - 1. Suppose 5*k - 6*k + 1 = 0. Let c(q) = k*a(q) + 6*p(q). Calculate the remainder when c(7) is divided by 4.
3
Suppose -6*p = -3*p - 18. What is the remainder when 10 is divided by p?
4
Let z(a) = 5*a**2 + 2*a - 2. Let b be z(1). Suppose 36 = b*n - 39. Calculate the remainder when n is divided by 8.
7
Let b = 199 - 41. Let w = -82 + b. What is the remainder when w is divided by 26?
24
Let s(p) = -p + 4. Suppose 0 = -5*q + q + 104. Calculate the remainder when q is divided by s(-5).
8
Let y = 1 + 5. Let b = y - -7. What is the remainder when 49 is divided by b?
10
Let f = -17 + 39. Calculate the remainder when 87 is divided by f.
21
Suppose 0 = -7*s + 5*s - h + 8, 5*s - 4*h + 6 = 0. Calculate the remainder when s is divided by 2.
0
Let o be 14/5*(7 + -2). Suppose 3*i = -o + 71. What is the remainder when i is divided by 4/(6/(-10) - -1)?
9
Suppose 2*f - 9 = -f. Let r = 6 + -4. Suppose -f*a - 2*a + 38 = 3*n, 4*n = -r*a + 18. What is the remainder when 19 is divided by a?
5
Let g(r) = -2*r**2 + 3*r - 2. Let l be g(2). Let m = 3 + l. Calculate the remainder when 55 is divided by 17 + (-2)/1 + m.
13
Suppose 4*s - 8 = 0, -3*d + 3 + 1 = 5*s. Let h(c) = -3*c**3 - 2*c**2 + 2*c + 3. What is the remainder when ((-220)/(-5))/(0 + 1) is divided by h(d)?
14
Let j be 231/5 - 2/10. Suppose -2*t = -n + 5 + 5, 0 = -4*t - 12. Suppose 114 = n*z - j. What is the remainder when z is divided by 14?
12
Suppose 5*m = -15, m + 2 = -t + 17. Calculate the remainder when 106 is divided by t.
16
Let f(l) = -10*l + 5. Calculate the remainder when 44 is divided by f(-2).
19
What is the remainder when 4/(-4 - -3) - -170 is divided by 57?
52
Suppose k + 240 = -k. What is the remainder when (k/9)/((-4)/12) is divided by 21?
19
Let c(f) = f**2 - f + 110. Suppose -4*s + 122 = 10. Calculate the remainder when c(0) is divided by s.
26
Suppose -10*s = -7*s - 291. Calculate the remainder when s is divided by 25.
22
What is the remainder when (-8 - -3)*486/(-15) - 1 is divided by 18?
17
Let r = 0 + 45. What is the remainder when r is divided by 12?
9
Suppose 15 = p + 5*t, 4*p - 60 = t + t. Calculate the remainder when 29 is divided by p.
14
Let s(p) = -4*p + 50. What is the remainder when 99 is divided by s(6)?
21
Let d(p) = 3*p**2 - p - 3. Let l be ((-27)/18)/(1/(-46)). Suppose k - 1 = -2*g + 16, 4*g = 5*k + l. What is the remainder when d(3) is divided by g?
10
Let f be (0 + 0)*1/3. Suppose f = m - 5*n - 2, -5*m + n + 3*n = -10. Suppose -3*p = 3*c - 6, 4*p - 15 + 0 = 3*c. Calculate the remainder when p is divided by m.
1
Let d(t) = -8*t + 6. Calculate the remainder when 87 is divided by d(-3).
27
Let v(l) = l**3 - 5*l**2 - l + 7. Let o = -13 + 15. Suppose -5*u = 3*t - 0*u - 3, -4*u = o*t - 2. Calculate the remainder when v(5) is divided by t.
0
Let x = 79 + -49. Suppose 7*r 